{"id":3596,"date":"2025-05-19T08:26:00","date_gmt":"2025-05-19T08:26:00","guid":{"rendered":"https:\/\/cofradiadeldesarme.com\/?page_id=3596"},"modified":"2025-05-19T08:27:23","modified_gmt":"2025-05-19T08:27:23","slug":"condiciones-de-servicio-de-la-aplicacion","status":"publish","type":"page","link":"https:\/\/cofradiadeldesarme.com\/?page_id=3596","title":{"rendered":"Condiciones de Servicio de la Aplicaci\u00f3n"},"content":{"rendered":"\t\t<div data-elementor-type=\"wp-page\" data-elementor-id=\"3596\" class=\"elementor elementor-3596\" data-elementor-post-type=\"page\">\n\t\t\t\t<div class=\"elementor-element elementor-element-cca6634 e-flex e-con-boxed e-con e-parent\" data-id=\"cca6634\" data-element_type=\"container\" data-e-type=\"container\">\n\t\t\t\t\t<div class=\"e-con-inner\">\n\t\t\t\t<div class=\"elementor-element elementor-element-a36ee4f elementor-widget elementor-widget-text-editor\" data-id=\"a36ee4f\" data-element_type=\"widget\" data-e-type=\"widget\" data-widget_type=\"text-editor.default\">\n\t\t\t\t\t\t\t\t\t<h3><b>1. Informaci\u00f3n general<\/b><\/h3><p class=\"p3\">Estas condiciones regulan el uso del sistema de acceso mediante cuentas sociales (como Google o Facebook) en el sitio web <a href=\"https:\/\/cofradiadeldesarme.com\"><span class=\"s2\"><b>cofradiadeldesarme.es<\/b><\/span><\/a>, gestionado por la <span class=\"s2\"><b>Cofrad\u00eda del Desarme de Oviedo<\/b><\/span>.<\/p><p class=\"p3\">El uso de esta funcionalidad implica la aceptaci\u00f3n de estas condiciones y de la pol\u00edtica de privacidad del sitio.<\/p><hr \/><h3><b>2. Finalidad del acceso social<\/b><\/h3><p class=\"p3\">El acceso mediante cuentas sociales tiene como \u00fanico objetivo <span class=\"s2\"><b>facilitar el proceso de registro e inicio de sesi\u00f3n<\/b><\/span> para los usuarios, sin necesidad de crear una cuenta nueva con contrase\u00f1a.<\/p><p class=\"p3\">Los datos personales utilizados se limitan a los estrictamente necesarios: nombre, direcci\u00f3n de correo electr\u00f3nico y foto de perfil (si est\u00e1 disponible).<\/p><hr \/><h3><b>3. Uso de la informaci\u00f3n<\/b><\/h3><p class=\"p3\">La informaci\u00f3n obtenida a trav\u00e9s de las plataformas sociales ser\u00e1 utilizada \u00fanicamente para:<\/p><ul><li><p class=\"p1\">Identificar al usuario en la web de la Cofrad\u00eda<\/p><\/li><li><p class=\"p1\">Asociar su perfil a los contenidos internos y actividades de la entidad<\/p><\/li><li><p class=\"p1\">Gestionar el acceso a \u00e1reas privadas, si las hubiera<\/p><\/li><\/ul><p class=\"p4\"><b>No se compartir\u00e1 esta informaci\u00f3n con terceros ni se utilizar\u00e1 para finalidades comerciales o publicitarias.<\/b><b><\/b><\/p><hr \/><h3><b>4. Responsabilidad del usuario<\/b><\/h3><p class=\"p3\">El usuario es responsable de la exactitud de los datos proporcionados a trav\u00e9s de su cuenta social, y del uso que haga del acceso a la plataforma.<\/p><p class=\"p3\">Cualquier uso indebido podr\u00e1 derivar en la suspensi\u00f3n del acceso.<\/p><hr \/><h3><b>5. Eliminaci\u00f3n de cuenta<\/b><\/h3><p class=\"p3\">En cualquier momento, el usuario podr\u00e1 solicitar la eliminaci\u00f3n de su cuenta enviando un correo a:<\/p><p class=\"p4\"><b>hola@cofradiadeldesarme.com<\/b><b><\/b><\/p><hr \/><h3><b>6. Cambios en las condiciones<\/b><\/h3><p class=\"p3\">La Cofrad\u00eda del Desarme se reserva el derecho de modificar estas condiciones en cualquier momento. Se notificar\u00e1 a los usuarios a trav\u00e9s del sitio web en caso de cambios relevantes.<\/p><hr \/><h3><b>7. Contacto<\/b><\/h3><p class=\"p3\">Para cualquier duda relacionada con estas condiciones, puedes contactar con nosotros en:<\/p><p class=\"p4\"><b>hola@cofradiadeldesarme.com<\/b><\/p>\t\t\t\t\t\t\t\t<\/div>\n\t\t\t\t\t<\/div>\n\t\t\t\t<\/div>\n\t\t\t\t<\/div>\n\t\t","protected":false},"excerpt":{"rendered":"<p>1. Informaci\u00f3n general Estas condiciones regulan el uso del sistema de acceso mediante cuentas sociales (como Google o Facebook) en el sitio web cofradiadeldesarme.es, gestionado por la Cofrad\u00eda del Desarme de Oviedo. El uso de esta funcionalidad implica&hellip;<\/p>\n","protected":false},"author":1,"featured_media":0,"parent":0,"menu_order":0,"comment_status":"closed","ping_status":"closed","template":"","meta":{"_acf_changed":false,"footnotes":""},"class_list":["post-3596","page","type-page","status-publish","hentry"],"aioseo_notices":[],"acf":[],"_links":{"self":[{"href":"https:\/\/cofradiadeldesarme.com\/index.php?rest_route=\/wp\/v2\/pages\/3596","targetHints":{"allow":["GET"]}}],"collection":[{"href":"https:\/\/cofradiadeldesarme.com\/index.php?rest_route=\/wp\/v2\/pages"}],"about":[{"href":"https:\/\/cofradiadeldesarme.com\/index.php?rest_route=\/wp\/v2\/types\/page"}],"author":[{"embeddable":true,"href":"https:\/\/cofradiadeldesarme.com\/index.php?rest_route=\/wp\/v2\/users\/1"}],"replies":[{"embeddable":true,"href":"https:\/\/cofradiadeldesarme.com\/index.php?rest_route=%2Fwp%2Fv2%2Fcomments&post=3596"}],"version-history":[{"count":4,"href":"https:\/\/cofradiadeldesarme.com\/index.php?rest_route=\/wp\/v2\/pages\/3596\/revisions"}],"predecessor-version":[{"id":3600,"href":"https:\/\/cofradiadeldesarme.com\/index.php?rest_route=\/wp\/v2\/pages\/3596\/revisions\/3600"}],"wp:attachment":[{"href":"https:\/\/cofradiadeldesarme.com\/index.php?rest_route=%2Fwp%2Fv2%2Fmedia&parent=3596"}],"curies":[{"name":"wp","href":"https:\/\/api.w.org\/{rel}","templated":true}]}}